120 - i**5/10 - i**4/3 + 3*i**3/2 - 5*i**2. Give h(7).
2
Let l(x) = 8*x - 119. Let i be l(13). Let j(f) = f**3 + 14*f**2 - 14*f + 9. Calculate j(i).
-6
Let u(w) = w + 3. Let o be (10 + -5 - 6)*(-10)/(-2). Calculate u(o).
-2
Let x(p) = 1 + p**2 - 5*p + 5*p. Let m = 17 + -17. Suppose m*u + 2*u + 6 = 0. Calculate x(u).
10
Let a(y) = y**3 - 8*y**2 + 6*y + 7. Suppose -17*o = -19*o + 8. Suppose o*n - 21 = n. Determine a(n).
0
Suppose -9*p + 7*p + 6 = 0. Let u(k) = 4*k - 15. Give u(p).
-3
Let v(x) = -4*x - 23. Let c be v(-7). Let z(h) = 5*h + h + 0*h - c*h. Give z(-7).
-7
Let x(a) = a - 7. Let n be x(5). Let h(y) be the third derivative of -y**6/120 - y**5/60 + y**4/12 + y**3/6 - 1980*y**2. What is h(n)?
1
Let i(g) = -g + 8. Let z = 137 + -123. Calculate i(z).
-6
Let l(d) be the second derivative of 1/8*d**4 + 0 + 0*d**3 + 9*d - 5/2*d**2. Let j(m) be the first derivative of l(m). Give j(-2).
-6
Suppose 0 = o + o + 12. Let h(k) be the second derivative of -k**4/12 - 5*k**3/6 - 2*k**2 + k + 1. Give h(o).
-10
Let t(m) = 2824 - 4*m - 5834 + 2889. What is t(-30)?
-1
Let k(u) = u - 2. Suppose 0 = -4*b + 4 + 28. Suppose 0 = -4*l + a + 4, -3*l - b = -l + 2*a. Suppose 2*h + 2*h = l. Calculate k(h).
-2
Let r = -20 + 14. Let k(s) = -s**2 - 5*s + 6. Let b be k(r). Let w(i) = -i**2 - i + 4. Give w(b).
4
Let n(c) = -6*c - 5. Suppose 0 = -3*k - 0*k - 5*x - 22, -3*x = 2*k + 13. Let w(y) = -y + 1. Let v(f) = k*n(f) - 4*w(f). What is v(-6)?
3
Let i be -1 + -2 - (-29 - -2). Let a = -16 + i. Let x(m) = -2*m**2 - 5*m**2 + a*m**2 + 8 - 4. Calculate x(-3).
13
Suppose -5*q = 2*s + 21, -4*s - 21 = -64*q + 67*q. Let t(d) be the first derivative of -d**2/2 - 4*d + 2. Give t(s).
-1
Let q(m) = -5*m**3 - 11*m**2 + 9*m + 2. Let z(g) = -3*g**3 - 10*g**2 + 8*g + 3. Let x(v) = 2*q(v) - 3*z(v). What is x(7)?
2
Let o be ((6 - 9) + 2)/(3/(-6)). Let m(a) be the first derivative of -1/4*a**4 + 1 + 4*a + 5/2*a**o - 1/3*a**3. Give m(-3).
7
Let s(j) be the third derivative of -j**6/60 + j**5/60 + j**4/12 + 2*j**2 + 47*j. Calculate s(2).
-8
Let c = 5 + -7. Let r(a) be the second derivative of 0*a**2 + 1/3*a**3 + 0 - 47*a. Give r(c).
-4
Let f(q) be the second derivative of 1/6*q**3 - 1/12*q**4 - q**2 + 5*q + 0. Let l be f(2). Let v(n) = n + 2. Calculate v(l).
-2
Let i(x) = 4*x**2 - 3*x**2 - 2*x + 4*x - 6*x + 2 + 2*x. Determine i(3).
5
Suppose 0 = -4*c - 5*i + 3 - 16, 0 = -3*c - 5*i - 6. Let r(b) = -b**2 - 8*b - 5. Determine r(c).
2
Suppose 5*k - 3 = 22, -2*x - k = -9. Let m = x + 2. Let q(t) = -t**3 + 6*t**2 - 4*t - 3. Calculate q(m).
13
Let b(u) be the first derivative of -11*u**7/840 - 7*u**3/3 + 14. Let l(s) be the third derivative of b(s). What is l(-1)?
11
Let t(w) = -3*w**3 + 4. Let c(h) = 3*h**3 + 3 + 5 - 10*h**3 + h**2. Let b be 16/(-12) + (-4)/6. Let r(o) = b*c(o) + 5*t(o). What is r(-3)?
13
Suppose -15*m + 17*m = 6. Let a(c) = 20 - 33 + 6*c**2 + 10 + c**m + 4*c. Calculate a(-5).
2
Let u = -21 - -25. Suppose 0 = u*s + 4, 2 = -p + 2*p + 2*s. Suppose -4*a + 6*a - p = 0. Let n(j) = -6*j + 3. Give n(a).
-9
Let m be ((-9)/6 + 35/10)*-2. Let x(i) = i**3 + 6*i**2 + i + 3. What is x(m)?
31
Let j(a) be the second derivative of -1/6*a**3 - a - 9 + 0*a**2 + 17/12*a**4. Give j(1).
16
Suppose p + 964 = 962. Let b(j) be the second derivative of -j**5/20 - j**4/3 + j**2 - j. Calculate b(p).
-6
Let n(l) = l**3 - 7*l**2 + 3*l + 10. Let c(m) = 3*m**2 - 54*m + 103. Let v be c(2). Calculate n(v).
31
Let j = 203 - 200. Let t be 0 - ((-4)/(-2) + -2). Let o(m) = -m + m - m + t. Give o(j).
-3
Let u(q) = -q**3 - 11*q**2 - 11*q - 17. Let x(k) = k - 8. Let n be x(-2). Let w be u(n). Let r(i) = i**2 + 5*i. Calculate r(w).
14
Let o = -906 + 901. Let y(n) = -n**2 - n - 1. Determine y(o).
-21
Let d(k) be the third derivative of -k**5/60 + k**4/24 - 2*k**3/3 - 18*k**2. Let c = -1 - -1. Let f be d(c). Let j(q) = -q**3 - 3*q**2 + 2*q + 5. What is j(f)?
13
Let l(t) = -t**3 - 9*t**2 + 5*t + 1. Let m(b) = -b**2 - b + 2. Let s(o) = l(o) - 4*m(o). Determine s(-5).
-52
Let r(y) be the third derivative of -y**4/24 + 5*y**3/3 - 126*y**2. What is r(4)?
6
Let k(a) = -a**3 + 2*a**2 - 2*a + 3. Let g = 55 + -52. What is k(g)?
-12
Let l(x) = -x**2 + 7*x - 6. Let r be l(5). Suppose -3*u - 4 = -7*u + r*c, -u - 4*c = -1. Let a(p) = 0*p + 0*p - 1 + 4*p**2. Determine a(u).
3
Let j(l) be the third derivative of l**8/6720 - l**7/2520 + l**6/720 - 3*l**5/40 + l**4/12 - 33*l**2. Let m(a) be the second derivative of j(a). Determine m(0).
-9
Let r(l) be the second derivative of l**4/12 + 7*l**3/6 - 6*l**2 + 479*l. Give r(-9).
6
Let z(k) be the first derivative of 3*k**2/2 + k - 1. Let o be z(1). Let h be (-2 - o)/(-2) - 0. Let m(g) = -g - 1. Determine m(h).
-4
Let j(g) be the first derivative of -g**4/4 + g**3 + g**2/2 + 2*g - 11. Let h = 8 - 10. Let r be ((-4)/(-7))/(h/(-14)). Determine j(r).
-10
Suppose -13*m = 512 - 551. Let b(s) = -2*s + 9. Let r(l) = -6*l + 26. Let c(d) = -14*b(d) + 5*r(d). Calculate c(m).
-2
Let k(h) = h**3 - 8*h**2 + 9*h - 6. Let y(c) = c**3 + 11*c**2 - 12*c + 1. Let o be y(-12). Suppose -4*m + 15 = 5*w, 2 = -2*w - 3*m + o. Give k(w).
8
Let z be (-4)/(-6)*9/2. Suppose 0 = 5*d - z*d + 12. Let u(m) = -10*m**2 + 2*m + 14. Let g(y) = 7*y**2 - 2*y - 9. Let v(k) = -7*g(k) - 5*u(k). Calculate v(d).
5
Let t(w) = -6*w**2 - 6*w**2 + 163*w**3 - 11*w + 0*w**2 - 5 - 164*w**3. Determine t(-11).
-5
Let t = -284 + 287. Let b(k) = k**3 - 3*k**2 + 2*k. Give b(t).
6
Let h(s) be the first derivative of 0*s - 32 + 0*s**2 + 8/3*s**3. Give h(1).
8
Let k(a) = -a**3 - 6*a**2 - a - 6. Let y(u) = -u**3 - 9*u**2 + 12*u + 14. Let c be y(-10). Determine k(c).
0
Let n(j) = -j - 3. Let a = -11 + 23. Suppose 2*g = -2*k - 2, 3*g + 3 = 3*k - a. Suppose 0 = -5*m - 3*q - 6, 22 = -5*m + 3*q - k. Determine n(m).
0
Let m(q) = 2*q**3 + 16*q**2 + q - 9. Let w(j) = 5*j**3 + 48*j**2 + 3*j - 28. Let i(h) = 8*m(h) - 3*w(h). Calculate i(16).
-4
Let w(g) be the first derivative of -g**7/840 + g**6/90 + g**5/40 + g**4/4 + 2*g**3/3 + 33*g**2/2 - 40. Let y(v) be the third derivative of w(v). Give y(5).
-4
Let c(v) = 5*v + 173*v**2 - 87*v**2 - 79*v**2 + v**3 - 7. Calculate c(-7).
-42
Let m(b) = 9*b + b**2 - 2 + 0 - 9*b. Suppose -4*v = -v. Let w = 2 + v. What is m(w)?
2
Let c be (-343)/(-28) - 1/4. Suppose z + 8 = 2*f, -4*f + 6 = -z - c. Let j be z/(-2)*(1 - -2). Let b(s) = 3*s + 4. What is b(j)?
-5
Let z = 909 + -907. Let o(p) = 7*p - 6. Calculate o(z).
8
Let j be -5 + ((-1694)/(-143) - 4/(-26)). Let r(p) = -p - 7. Calculate r(j).
-14
Let o(z) = z**2 - z + 11. Suppose 0 = -7*w + 3*w. Let v be 4 + (w/5 - 4). What is o(v)?
11
Let d(n) = -n + 12. Let q(g) = g. Let z(o) = d(o) - q(o). Suppose 50 + 94 = 18*m. Determine z(m).
-4
Let r(w) = -9*w + 2. Let k(c) = -c. Suppose 2*p + 13 = -3*j + 32, -3*p + 15 = 0. Let f(o) = j*r(o) - 24*k(o). Determine f(4).
-6
Let m(c) be the second derivative of c**5/20 - 3*c**4/4 - 9*c**2/2 - 100*c. Calculate m(9).
-9
Suppose 5*y + 20 = s + 6, 5*y = -4*s - 19. Let g(u) = 4 + 4 + 5 - 11*u + 16*u**2 + 9*u - 14. What is g(s)?
17
Let i(s) = -6*s**2 - 2*s + 1. Let x(y) = 2 + 7 - y + y**3 + 0 - 8*y**2. Suppose 0 = 7*m - 3*m, 3*m - 16 = -2*t. Let r be x(t). Give i(r).
-7
Let v(i) = i**2 - 8*i - 4. Let h be (-15)/(-18) + 4/24. Let f(w) = w**2 - 1. Let r(g) = h*v(g) - 2*f(g). Determine r(-6).
10
Let t(c) = -c**2 - 13*c + 16. Let v = 575 - 588. Give t(v).
16
Let x(b) = b - 11. Let u be ((-32)/(-14))/(12/42 + 0). Give x(u).
-3
Let x(m) = -m**2 + 10*m - 3. Suppose 0*k = 3*k - 3*g - 21, 2*k = 3*g + 15. Suppose 2*j = -j + k. Let s be 10/20 - (-17)/j. Give x(s).
6
Let b(g) be the third derivative of g**4/8 - 4*g**3/3 + 3*g**2 + g. Determine b(-7).
-29
Let r(u) = -u - 24 - 20 + 26. Let n be r(-15). Let s(o) = o**3 + 2*o**2 - o. Give s(n).
-6
Let v(r) = -r**2 + 23. Let q be v(-10). Let m = 81 + q. Let w(a) = 2*a - 6. Calculate w(m).
2
Let p = 7 - 3. Suppose 0 = -p*k + q + 5, 4 = -6*q + 2*q. Suppose 0 = 3*u - 2*u - k. Let l(b) = -b**3 + b**2 - 2*b + 1. Calculate l(u).
-1
Let j(c) be the first derivative of 3*c**2/2 - 2*c - 520. Let v(h) = h**2 - 3*h - 2. Let y be (-1 - -1)*-1 + 4. Let l be v(y). Determine j(l).
4
Let h = 94 - 100. Let a(q) = q**3 + 6*q**2 - q - 1. What is a(h)?
5
Let d(x) be the second derivative of x**3/3 + x**2/2 + 4*x. Suppose -r - 3 = -3